etermine v(a).
-54
Let d(c) = 2*c + 161 - c**3 + 163 + c - 4*c**2 - 5*c - 323. Suppose 3*s - 3 + 19 = -4*n, -n = 1. Give d(s).
9
Let t = -61 + 72. Let w be 2/t + (-48)/22. Let r(d) = d**2. What is r(w)?
4
Let g(i) = -11*i**3 + 2*i**2 + 14*i - 38. Let p(r) = -20*r**3 + 5*r**2 + 27*r - 70. Let n(u) = 11*g(u) - 6*p(u). Give n(-6).
-22
Let g(y) = 6*y - 26. Let p be ((-24)/(-20))/(3 - 81/30). Calculate g(p).
-2
Let t(n) be the second derivative of -1/3*n**3 + 6*n - 5/2*n**2 + 0 - 1/12*n**4. Let x(v) = v**3 + 15*v**2 + v + 11. Let q be x(-15). Give t(q).
-13
Let f(n) be the second derivative of 7*n**3/3 + 305*n**2/2 + 9746*n. Determine f(-22).
-3
Suppose -3*k = -7*k + 20. Suppose -k*x + 19 = j, 3*j - 4*x = 4*j - 14. Let m(f) = 2*f + 8. Calculate m(j).
-4
Let t(w) = -7*w + 0*w**2 - 2*w**2 + w**2 + 9. Suppose -807 - 93 = 119*f - 19*f. Calculate t(f).
-9
Let p(h) be the third derivative of h**4/12 - 4*h**3/3 - h**2. Suppose -4*j + 11 = 5*v, 2*v - 8*j - 189 + 175 = 0. Give p(v).
-2
Let z(t) = -96 + 191 + 26*t**2 - 8*t**2 - 97. Calculate z(2).
70
Let n(q) = q**2 - 2*q - 1. Let w(i) = 6*i**2 - 7 + i - 3 + 3*i**3 - 2*i**3 + 15. Let t be w(-6). Determine n(t).
2
Let t(s) = -2*s**2 + 16*s - 12. Let f be t(6). Let z be (48/(-36))/((-2)/f). Let y(k) = z*k - 9*k + k - 7 + k. Give y(5).
-2
Let s = -932 + 1577. Let m = 649 - s. Let b(o) = 5*o - 5. Give b(m).
15
Let p(a) = -5*a - 1. Let n be (-8 - -11)/((-24)/(-232)). Suppose 40*x - 11 = n*x. What is p(x)?
-6
Let w(f) = 6*f - 2*f + f + 4*f + f**2 + 7. Suppose 0 = -5*r - 51*q + 52*q - 39, 4*r + q = -33. What is w(r)?
-1
Let b(v) = 2*v**2 + v + 6. Let g(w) = w**2 + w + 1. Let n(t) = -b(t) + g(t). Let a = -48 - -318. Suppose 0 = -268*r + a*r. Calculate n(r).
-5
Suppose 6*v = 10*v + 16. Let s(w) = -7 - 423*w - 443*w + w**2 + 864*w. Give s(v).
17
Let g = -9 - -6. Let q be (6/1)/3 - (g + -2). Let o(i) = -5 + q*i - 1 - 9*i**2 + 8*i**2. Give o(4).
6
Suppose 3*p - 1 = 3*x + 20, 10 = -5*x. Let j = 1184 + -1173. Let k(f) = -j*f - f - 6 + 3 + 3*f + f**2 + 5*f. Determine k(p).
2
Let v(p) = 4*p**2 - 57*p + 36. Let q(w) = -w**2 + 14*w - 9. Let a(d) = 9*q(d) + 2*v(d). Let b be a(11). Let j(r) = 3 + r**b - r + 7 - 14 - r**3. Determine j(3).
-25
Suppose 123 = 4*m - 2*k - 11, 4*k = -20. Suppose -r + m = 29. Let w(o) = 6*o**3 + 8*o**3 + o**r + 7*o**3 - 21 - 20*o**3. What is w(0)?
-21
Let k = -4321 + 4327. Let u(y) be the third derivative of y**5/30 - 5*y**4/12 + 7*y**3/6 + 4*y**2. What is u(k)?
19
Suppose 3*x - 5*m + 28 = 4*x, 0 = 5*x + 4*m - 35. Suppose -2*a - 7 = -3*f, -x*f + 2*a + 11 = a. Let c(w) = w**2 + 2*w + 1. What is c(f)?
36
Let n(c) be the second derivative of c**4/12 - 5*c**3/2 - 29*c**2/2 + c - 27. Let y be n(17). Let x(o) = -o**2 + 6*o + 4. Give x(y).
9
Let v(j) = j**3 - 1979 + 3958 - 7*j - 6*j**2 - 1978. Suppose 4*g - 19 - 9 = 0. Calculate v(g).
1
Suppose 5*t - 4*t - 9 = 5*q, 0 = -3*t + 5*q + 17. Let c(v) = v**2 + 2*v - 6. Determine c(t).
18
Let f be (-4)/22 - (-1938)/374. Suppose -4*s + 26 = -g - g, 0 = 3*s - f*g - 30. Let a(l) = -l**2 + 3*l + 2. Determine a(s).
-8
Let h(t) = 3*t + 4. Let n(x) = x**2 - 7*x. Let k be n(8). Let q(o) = 9*o - 75. Let a be q(k). Determine h(a).
-5
Let p(d) = 4*d**3 - 85*d**2 + 9*d - 46. Let a(u) = u**3 - 21*u**2 + 2*u - 12. Let m(c) = 9*a(c) - 2*p(c). Determine m(19).
-16
Let z(n) = 2*n**2 + n + 1. Let y(x) = 7*x**3 + 2*x + 3. Let k be y(-2). Let h = 55 + k. Calculate z(h).
7
Let m(a) = 1091*a + 1089. Let y be m(-1). Let p(s) = 2 + 0*s + 0*s**3 + 4*s**3 + s. What is p(y)?
-32
Let y(w) = 2*w**2 + 9*w - 4. Let f(x) = -5*x**2 - 5 + 24 - 7 + 7*x - 33*x. Suppose -2*d = 0, -3*d + 40 = 4*s + s. Let m(c) = s*y(c) + 3*f(c). Calculate m(6).
4
Let s(o) = o**3 - 40*o**2 - 94*o + 424. Let c be s(42). Let a(m) = m**2. Give a(c).
16
Let c(q) = 30*q + 473. Let d(z) = -121*z - 1920. Let r(k) = -25*c(k) - 6*d(k). Calculate r(-13).
7
Let p(s) = 80*s + 11 - 62*s + 233 + 8. Calculate p(-14).
0
Let u(q) be the second derivative of q**6/360 + 3*q**5/40 - q**4/2 - q**3/3 + 48*q**2 + 3*q - 27. Let t(i) be the second derivative of u(i). Calculate t(-11).
10
Let z(k) = k**3 + 6*k**2 + 9*k + 17. Let u = -1487 - -1481. Calculate z(u).
-37
Let q(b) = 7 + 77*b + 1 - 242*b + 78*b + 86*b. Calculate q(19).
-11
Let o(q) = q**2 - 7*q - 149. Suppose 626*u + 1849 + 1839 = -2572. Calculate o(u).
21
Let f(a) = 33*a - 90*a + 19*a - 4 + 22*a + 21*a. What is f(-3)?
-19
Let s(f) = -3*f**3 + 23*f**2 + 9*f - 7. Let c be s(8). Let h(u) = 2*u**2 + 1. Let i(r) = -r**3 + 10*r**2 + 9*r - 14. Let k(b) = c*i(b) - 2*h(b). Give k(7).
-2
Let x = -8178 - -8177. Let q(v) be the second derivative of -8*v**3/3 + 3*v**2 - 4*v. Let w(s) = -225*s + 85. Let c(t) = -85*q(t) + 6*w(t). Determine c(x).
-10
Let c(v) = v**3 + 29*v**2 - 30*v + 8. Suppose 144*m + 3712 + 1549 = 941. What is c(m)?
8
Let i be (768/(-36))/(-2 - (-5)/3). Let u = 52 - i. Let o(z) = -z**2 - 12*z + 7. Calculate o(u).
7
Let k(s) = s**2 + 10*s + 8. Suppose 0 = -4*y - 2*m - 48, -3*m + 3 + 3 = 0. Let f(z) = 17*z + 215. Let i be f(y). Determine k(i).
-16
Let f(l) = -9*l**2 - l - 2. Let v be -9 - (165 - 11)/(-14). What is f(v)?
-40
Suppose 3*u = 5*u + 4*x - 22, u + 5*x - 2 = 0. Suppose -u*g + 1 = 69. Let i(m) = -9*m + 3. Determine i(g).
39
Let k(a) = 15*a + 17 + 2 + 6 - 13 + 10. Give k(-2).
-8
Let v(i) = 2 + 3 - 2 + 3 - 10 + 2*i - 5. Let r be (-2)/((-1)/1) - -4. Calculate v(r).
3
Let t(w) be the third derivative of -w**4/24 - 8*w**3/3 - 782*w**2 + w - 1. Determine t(-20).
4
Let x be (-35)/(595/34)*(-7)/(-2). Let q(h) = h**3 + 5*h**2 - 7*h - 8. Determine q(x).
-57
Let k(h) = -1163*h - 22 + 31 + 44 + 1169*h. What is k(-12)?
-19
Let m(d) be the first derivative of d**5/20 + d**4/12 + 5*d**3/6 + 2*d**2 - 13*d + 17. Let n(r) be the first derivative of m(r). What is n(-3)?
-29
Let v(s) = 214 - 73*s**2 - 391 + 181 + 4*s. What is v(-1)?
-73
Let x(r) = -2*r + 3. Suppose 2913 = 17*u + 788. Let p = u + -129. Give x(p).
11
Let f(s) = s**3 + 6*s**2 + 8*s + 14. Let q(m) = m**2 - m - 1. Let x(v) = -v**3 + 39*v**2 - v + 40. Let d be x(39). Let u(a) = d*f(a) + q(a). What is u(-6)?
7
Let r(s) = 6*s - 5. Let i = 247 + -211. Suppose i = -4*q + 16, -4*c + 18 = -2*q. What is r(c)?
7
Let a(w) = 8*w**2 - 244*w - 812. Let r be a(-3). Let d(g) be the third derivative of -g**6/120 - 2*g**5/15 + g**3/6 - g**2. Give d(r).
1
Let u be (-291)/388 - 12/(-16). Let b(y) be the third derivative of 1/3*y**3 + 1/24*y**4 + 0 + u*y - 34*y**2. Give b(-4).
-2
Let w be -136*21/84 - -22. Let r(s) = -4*s - 24. What is r(w)?
24
Let t(w) = -19*w - 18. Suppose -3*y = -3*l - 12, 6*y - 5*l + 60 = 11*y. Let i(j) = -12*j - 12. Let d(b) = y*i(b) - 5*t(b). Determine d(-8).
2
Let i be (-110)/33*(-9)/5. Suppose 15*q - 54 = i*q. Let n(v) = v**2 - 9*v + 2. Give n(q).
-16
Let w(y) be the second derivative of -y**3/3 - 6*y**2 + 10*y. Let x be 27/(-4) + 1 - (-1)/(-4). Calculate w(x).
0
Let r(q) = -q**2 + 54*q - 383. Let d be r(8). Let w(x) = -9*x - 112. Determine w(d).
23
Let j(u) = 5*u + 9. Let c(k) = -13*k - 16. Let s(t) = 2*c(t) + 5*j(t). What is s(-8)?
21
Let t(v) = 4*v + 51. Let r be t(-11). Suppose 0 = -3*i - 2*b - 22, r*i = 6*i + 4*b - 12. Let h(n) = -3*n - 20. Give h(i).
4
Suppose 5*t + 50 = 5*p, -2*p + 14*t + 29 = 9*t. Let n(u) = u**3 - 3*u**2 - 17*u - 17. Calculate n(p).
60
Suppose 55*o + 9*o + 384 = 0. Let z(t) = t**3 + 6*t**2 - 9. Determine z(o).
-9
Let v(y) = 53*y - 1398. Let w(k) = 18*k - 495. Let i(j) = 6*v(j) - 17*w(j). What is i(-5)?
-33
Let i(v) be the third derivative of v**5/60 + v**4/4 - 7*v**3/6 - 22*v**2 + v. What is i(-6)?
-7
Let s = -119 - -129. Let c(v) = 7*v + 7*v**2 + s*v**3 - 6*v**3 - 3*v**3 + 5 - 2. Determine c(-6).
-3
Suppose 0 = l + j, 11*j + 16 = -2*l + 13*j. Let a(i) = -10*i + 9. Calculate a(l).
49
Let k(d) be the second derivative of d**8/6720 + d**7/1260 + d**6/360 + 11*d**4/4 + d**3/6 + d - 2. Let o(r) be the third derivative of k(r). Calculate o(-1).
-1
Let g(c) = 319*c + 328 - 555*c + 319*c. What is g(-4)?
-4
Suppose 0 = -3*c - 3*g - 12, -5*c + 123*g = 125*g + 29. Let w(b) = 8*b - 4. Let v(j) = 7*j - 3. Let i(f) = 6*v(f) - 5*w(f). Give i(c).
-12
Suppose 4*d = -24 - 24. Let u be (-10)/(-2)*d/10. Let x(m) be the second derivative of -m**3/6 - m**2 - 12*m. Determine x(u).
4
Let f(t) = -t**2 - 3*t - 5. Let j be